ermine g(8).
8
Let f(b) = -6471*b + 32905. Give f(5).
550
Let v(b) = b**3 - 90*b**2 + 183*b + 2318. Determine v(88).
2934
Let b(w) = 2772*w + 9599. Calculate b(-3).
1283
Let u(r) = 16*r**3 - 25*r**2 - 80*r - 21. Give u(-3).
-438
Let o(w) = 4703*w + 282222. Determine o(-60).
42
Let l(z) = -2*z**3 + 179*z**2 - 2906*z + 269641. Give l(90).
1
Let s(u) = 11*u**2 + 234*u - 457. Give s(-23).
-20
Let j(o) = 190*o - 2470. Calculate j(12).
-190
Let f(g) = -262930*g + 1051181. Calculate f(4).
-539
Let w(c) = 86*c**3 + 3*c**2 - 22. Give w(-2).
-698
Let r(m) = m**2 - 389*m - 61072. Give r(-120).
8
Let q(f) = f**3 - 89*f**2 + 436*f - 46779. What is q(90)?
561
Let r(g) = 758342*g + 6825069. What is r(-9)?
-9
Let u(w) = -377*w + 20711. Determine u(48).
2615
Let y(b) = 44654*b - 669823. Calculate y(15).
-13
Let r(n) = 361*n - 773. Give r(5).
1032
Let i(x) = -x**2 - 2085*x - 58009. Calculate i(-28).
-413
Let v(a) = a**3 + 165*a**2 + 2457*a - 589. Calculate v(-17).
414
Let g(r) = 456*r + 12. Determine g(-1).
-444
Let t(d) = -236*d - 57451. Determine t(-243).
-103
Let n(t) = -1428*t + 189942. What is n(133)?
18
Let n(y) = -2*y**3 + 12*y**2 + y - 208. Calculate n(0).
-208
Let v(l) = 24*l**2 + 559*l + 188. What is v(-23)?
27
Let v(q) = q**2 + 1976*q - 147450. Calculate v(72).
6
Let u(t) = 2299*t - 101785. What is u(44)?
-629
Let s(f) = 34777*f + 521634. Determine s(-15).
-21
Let j(o) = 5*o + 509. Determine j(-126).
-121
Let h(p) = 270*p**2 + 1366*p + 71. What is h(-5)?
-9
Let w(m) = -50150*m - 451345. Calculate w(-9).
5
Let y(t) = 2*t**2 - 727*t - 1924977. What is y(-816)?
-33
Let v(z) = -z**2 + 31*z + 57384. Give v(-224).
264
Let h(z) = 3*z**3 + 59*z**2 + 39*z + 428. Give h(-19).
409
Let q(p) = 3*p**3 - 144*p**2 + 1432*p - 135. Calculate q(34).
1
Let c(a) = 3*a**3 - 17*a**2 + 131*a - 872. What is c(7)?
241
Let x(w) = -30*w**3 - 319*w**2 + 457*w - 390. Give x(-12).
30
Let a(u) = 2*u**2 + 32661*u - 65328. Give a(2).
2
Let k(j) = 4*j**3 + 75*j**2 - 17*j - 23. Calculate k(-19).
-61
Let m(o) = o**3 + 43*o**2 - 170*o + 3363. What is m(-48)?
3
Let t(p) = 3*p**3 + 1159*p**2 - 7860*p - 18. Calculate t(-393).
-18
Let v(f) = -f**2 + 251*f - 12331. Determine v(67).
-3
Let s(y) = 14233*y - 4654228. Determine s(327).
-37
Let d(y) = -9*y**2 - 20*y + 573. What is d(-8)?
157
Let j(c) = 9*c**2 + 338*c - 574. Give j(-39).
-67
Let w(p) = -p**3 - 91*p**2 + 4420*p - 355. Give w(35).
-5
Let v(b) = -b**2 - 941*b - 23903. Calculate v(-26).
-113
Let f(k) = -k**3 - 171*k**2 + 24*k + 3851. What is f(-171)?
-253
Let q(i) = -i**3 - 16*i**2 - 171*i - 4121. What is q(-18)?
-395
Let o(j) = j**2 - 44449*j - 2625970. Determine o(-59).
2
Let z(m) = -27*m**2 + 971*m - 71. Determine z(36).
-107
Let l(u) = -425*u**2 - 79*u + 160. Give l(2).
-1698
Let l(i) = 863*i - 28903. Calculate l(34).
439
Let s(m) = 239*m - 114035. Calculate s(490).
3075
Let y(z) = 2*z**3 - 30*z**2 - 731*z + 7. Calculate y(-13).
46
Let l(u) = -4*u**3 + 23*u**2 + 118*u - 573. What is l(6)?
99
Let k(l) = 2*l**3 + 367*l**2 - 31469*l - 24676. Determine k(-247).
24
Let q(s) = -25*s**2 + 1767*s - 8310. What is q(5)?
-100
Let y(r) = 124098*r - 1737368. Calculate y(14).
4
Let x(a) = 164122*a + 3118273. Determine x(-19).
-45
Let p(x) = 14*x**2 - 207*x - 40. Determine p(17).
487
Let t(i) = -26*i**2 + 969*i + 727. Determine t(38).
5
Let y(n) = n**3 - 229*n**2 + 10765*n - 6819. Calculate y(65).
6
Let p(t) = 249*t**2 - 5015*t + 700. Calculate p(20).
0
Let s(r) = 4*r**2 + 206*r + 1552. What is s(-7)?
306
Let o(a) = -a**2 - 395*a - 10612. What is o(-29)?
2
Let g(d) = d**3 + 351*d**2 - 14231*d - 5210197. Calculate g(-349).
24
Let x(p) = p**3 + 10*p**2 - p + 35. Calculate x(-6).
185
Let a(u) = -u**3 + 9*u**2 + 476*u - 4281. What is a(9)?
3
Let p(h) = 750*h - 3474. Calculate p(5).
276
Let x(o) = 169*o**2 + 6*o + 16. Determine x(3).
1555
Let s(l) = 15*l**2 + 3815*l - 2807. Calculate s(-255).
-257
Let o(t) = 16*t**2 + 494*t - 597. Determine o(-32).
-21
Let o(i) = 10*i**2 + 1292*i + 24587. Give o(-106).
-5
Let z(n) = -n**2 - 27544*n - 4517537. What is z(-165)?
-2
Let l(j) = 28*j**2 - 436*j + 1687. Determine l(7).
7
Let n(l) = 167*l**2 + 774*l + 929. Determine n(-2).
49
Let k(f) = -f**3 - 37*f**2 - 299*f - 26. Calculate k(-9).
397
Let n(z) = -50*z**3 - 698*z**2 - 628*z - 68. What is n(-13)?
-16
Let v(k) = -2*k**2 - 6273*k + 31427. What is v(5)?
12
Let u(g) = -98010*g + 587531. Give u(6).
-529
Let v(x) = 35*x**3 + 28418*x**2 - 1576*x + 38979. Determine v(-812).
3
Let b(a) = 11607*a + 2553436. What is b(-220)?
-104
Let h(o) = -10*o**2 + 11622*o - 46307. What is h(4)?
21
Let g(i) = 9*i**2 + 215*i + 20. Give g(-10).
-1230
Let g(h) = -h**3 + 149*h**2 + 621*h + 639. What is g(-2)?
1
Let u(n) = 2*n**2 + 1841*n + 423225. What is u(-475)?
0
Let i(x) = x**2 + 94*x - 457. Calculate i(-101).
250
Let n(w) = 2*w**3 - 1417*w**2 + 5668*w - 90. Determine n(4).
38
Let a(c) = -1103*c**2 + 388*c + 8. Calculate a(1).
-707
Let k(q) = -5*q**2 - 258*q - 264. Calculate k(-53).
-635
Let c(w) = 1243*w + 13655. Calculate c(-10).
1225
Let z(m) = -45*m**2 + 4825*m - 125185. Give z(44).
-5
Let d(g) = -g**2 + 11660*g + 9769334. Give d(-785).
9
Let x(n) = 935*n**3 + 11*n**2 - 27*n + 15. Calculate x(1).
934
Let h(a) = -4*a**2 + 717*a + 2053. Determine h(182).
51
Let o(q) = -4953*q - 3551257. Give o(-717).
44
Let y(d) = -4*d**2 + 38*d + 501. Give y(-9).
-165
Let x(f) = -f**2 - 37*f + 4887. Give x(60).
-933
Let d(u) = -353*u + 8103. Calculate d(23).
-16
Let t(i) = -126*i**2 - 3256*i + 599. Give t(-26).
79
Let z(x) = -2*x**2 - 934587*x - 3738311. Give z(-4).
5
Let y(i) = 215*i - 36478. Determine y(147).
-4873
Let l(t) = -672*t**2 + 3325*t + 6. What is l(5)?
-169
Let i(y) = -2*y**3 + 13*y**2 - 26*y + 48. What is i(8)?
-352
Let t(u) = -1740471*u + 9. Give t(0).
9
Let i(r) = 3*r**2 + 1124*r + 23972. What is i(-352)?
36
Let g(c) = c**3 - 44*c**2 + 124*c - 27. Determine g(41).
14
Let y(a) = 540*a**2 - 18360*a + 24. Give y(34).
24
Let x(g) = 507*g - 248932. Determine x(491).
5
Let w(x) = 14963*x - 110170. Give w(7).
-5429
Let i(j) = -7*j**2 + 568*j + 14046. Determine i(101).
7
Let v(l) = 782*l - 48581. Give v(62).
-97
Let n(m) = 97*m**2 + 221*m - 2167. Calculate n(-6).
-1
Let s(n) = -3*n**3 - 5*n**2 + 1983*n + 133. What is s(0)?
133
Let c(j) = 37*j**2 - 1782*j + 589. What is c(48)?
301
Let v(r) = -3*r**3 + 8*r**2 + 4375*r - 8755. Determine v(2).
3
Let g(x) = -x**3 + 98*x**2 + 578*x - 275. What is g(-6)?
1
Let u(r) = 54633*r - 30758376. Determine u(563).
3
Let u(r) = -67*r**3 - 537*r**2 - 191*r - 1460. What is u(-8)?
4
Let g(b) = -2*b**3 - 126*b**2 + 295*b + 2273. Determine g(-65).
-2
Let x(m) = m**3 - 4*m**2 + 4872*m - 14595. Give x(3).
12
Let k(a) = 33321*a - 66654. What is k(2)?
-12
Let q(j) = -2*j**3 + 35*j**2 + 10*j - 287. Give q(-3).
52
Let v(z) = z**3 - 13*z**2 - 3*z + 204. Calculate v(10).
-126
Let z(l) = 36*l**2 + 2053*l - 89812. Calculate z(29).
1
Let h(o) = -1412*o + 516870. What is h(366)?
78
Let a(k) = 1040*k + 53578. Give a(-51).
538
Let c(r) = -r**3 - 42*r**2 - 80*r - 3364. What is c(-42)?
-4
Let o(j) = -j**3 - j**2 - 63*j - 647. Give o(-10).
883
Let g(b) = 10*b**3 - 4*b**2 + 61*b - 326. What is g(5)?
1129
Let l(d) = -5*d**3 - 41*d**2 + 954*d + 7694. Determine l(-8).
-2
Let l(i) = 2*i**2 + 482*i + 7277. What is l(-16)?
77
Let v(f) = -f**2 + 173*f - 3364. Calculate v(23).
86
Let g(t) = -11948*t - 239027. Give g(-20).
-67
Let k(g) = -g**3 + 271*g**2 + 19853*g + 2329. Calculate k(331).
12
Let h(f) = -68*f - 1202. What is h(-6)?
-794
Let y(u) = 2*u**3 - 229*u + 81. Give y(10).
-209
Let k(w) = 31370*w - 2101792. What is k(67)?
-2
Let t(b) = -2*b**3 + 186*b**2 - 3038*b + 1054. Calculate t(72).
46
Let n(j) = 2*j**3 - 142*j**2 - 47*j + 12858. Calculate n(70).
-232
Let d(q) = 2*q**3 + 639*q**2 + 21147*q - 851. What is d(-282)?
-5
Let x(w) = -13078*w + 771595. Calculate x(59).
-7
Let x(n) = -n + 567. What is x(107)?
460
Let s(y) = y**2 + 527*y + 67687. Give s(-222).
-23
Let u(q) = -q**3 - 246*q**2 - 989*q - 182302. What is u(-245)?
-22
Let n(u) = 279*u**2 + 1094*u - 3275. Calculate n(3).
2518
Let y(p) = -p**2 + 88*p + 4692. Calculate y(126).
-96
Let p(a) = 4*a**3 + 255*a**2 + 922*a + 1321. Calculate p(-60).
1
Let v(d) = d**3 - 2*d**2 - 11*d - 1700. What is v(13)?
16
Let a(b) = -6*b**2 -